ctors of (-2)/(-8) - (-522)/h?
2, 11
Let h(b) = -3*b**2 - 18*b + 27. Let w(r) = 4*r**2 + 27*r - 40. Let s(x) = -7*h(x) - 5*w(x). Let f be 952/88 - (-2)/11. List the prime factors of s(f).
3, 11
Let s = -103 - -292. What are the prime factors of s?
3, 7
Let x = 187 + 9. List the prime factors of x.
2, 7
Suppose -3*u - 28 + 73 = -5*b, 0 = -4*b - 12. Suppose -u*o = -17*o + 175. What are the prime factors of o?
5
Suppose -5*g + w - 145 = 2*w, 3*w + 29 = -g. Let m = g + 32. What are the prime factors of (2 - 1)/(m/123)?
41
Let g(h) = -h + 2. Let a be g(2). Suppose x + a = 3. Suppose -2*y - x*z = -29, -7*y + 101 = -2*y - 2*z. What are the prime factors of y?
19
Let o(t) = t - 8. Let c be o(12). Let j(l) = 3*l + 9*l**2 + 1 + 0 - c*l + 1. List the prime factors of j(1).
2, 5
Let u = 34 - 18. Suppose x - 5*x - u = 0, -2*q - 20 = 5*x. Suppose -4*j - 4*y + 87 = -5*y, j - 3*y - 19 = q. What are the prime factors of j?
2, 11
Let u(x) = -10*x + 5*x + 4 + 6*x. Let z be u(-2). Suppose z*a = a + 25. List the prime factors of a.
5
Let t(a) = 71*a**2 + 9*a + 15. What are the prime factors of t(5)?
5, 367
Suppose w - 6704 - 9500 = -5*t, 5*w = 3*t - 9700. List the prime factors of t.
2, 3, 5
Suppose a + 12*a - 26 = 0. Let t(u) = 37*u**2 + 2*u - 5. List the prime factors of t(a).
3, 7
Let t = -168 - -587. Let f = t + -294. What are the prime factors of f?
5
Suppose 0 = s - 2*u + u - 10, 3*u = -4*s + 19. Let x(r) = r**3 + 10*r**2 + 24. Let t be x(-10). Suppose 3*a + t = s*a. What are the prime factors of a?
2, 3
Suppose -477*u + 466*u = -23595. What are the prime factors of u?
3, 5, 11, 13
Let h be (10/(-6))/(7/(-21)). Suppose -3*p - 4*c = 26 - 260, -c = -h*p + 390. What are the prime factors of p?
2, 3, 13
Let r(n) = 6*n + 12. Let k be r(19). Let g = k - 12. List the prime factors of g.
2, 3, 19
Let s = 18 + -22. Let v be 68061/(-84) + (-1)/s. List the prime factors of 1/(-4) + v/(-40).
2, 5
Suppose 2*t - 627 - 21 = 0. List the prime factors of t.
2, 3
Let h(l) = 4*l - 59. Let c be h(14). Let y = c - -24. List the prime factors of y.
3, 7
Suppose -r + 3 = 2, -25 = -2*a - 3*r. Suppose 14*z - 63 = a*z. What are the prime factors of ((-16)/(-24))/(2/z)?
7
Let f = -4 + 24. Suppose 10*t = 6*t + f. Suppose -32 + t = -g. What are the prime factors of g?
3
Suppose 30 = 5*u - p, 0 = -p + 1 - 6. Suppose 2*h - 19 - 21 = 4*r, h - 32 = u*r. What are the prime factors of h?
2, 3
Suppose 195*c - 6419 = 188*c. What are the prime factors of c?
7, 131
Let f be 112/35 + 2/(-10). Suppose 2*w = 4*a - 3*w - 49, f*w = -5*a + 15. List the prime factors of a.
2, 3
Suppose -5*i + 24 = 9, -2*m + 2900 = -4*i. What are the prime factors of m?
2, 7, 13
Let i(d) = 9*d**2 - 9*d + 35. Let g(j) = 5*j**2 - 5*j + 18. Let l(p) = 11*g(p) - 6*i(p). List the prime factors of l(5).
2
Suppose -2507 = -9*l + 5674. List the prime factors of l.
3, 101
Suppose 3*a - 3 = -3*x, 5*x - 2*a = 3*a + 35. Suppose 3*b - 5*b - x*j = 36, -4*j + 4 = -2*b. What are the prime factors of (2 - (b + 3)) + 0?
3
Suppose 3*k - 263 = r + r, -2*k = r - 180. Let v = -114 + 57. Let b = k + v. List the prime factors of b.
2
Let r = -20 + -76. Let i = 156 + r. List the prime factors of i.
2, 3, 5
Suppose -3 = -b - 0, -4*j - 3*b = -29. Suppose -4*g + 12*y = 11*y - 1127, -j*g - y + 1420 = 0. List the prime factors of g.
283
List the prime factors of (-4)/30 + (-203776)/(-120).
2, 3, 283
Suppose 0 = -3*d - 3*f + 54, 0 = -2*d - 0*f - 3*f + 36. Let o be (-9)/d*0/(-2). Suppose 3*u + u - 144 = o. What are the prime factors of u?
2, 3
Suppose -4*q = -3*q + 3. Let n be (q - 9) + -1*1. What are the prime factors of 3455/65 - (-2)/n?
53
Let h be (-1 + 2)*(48 + -1). Let f = 4 + h. What are the prime factors of f?
3, 17
Let c(i) be the second derivative of -i**5/5 + i**4/12 - 3*i**2/2 + 34*i. List the prime factors of c(-3).
2, 3, 19
Suppose -a = 4*n - 13, -5*n + 8 = 4*a - 0. Let r = 46 + a. What are the prime factors of r?
43
What are the prime factors of 129/172 + (0 - 11823/(-12))?
2, 17, 29
Let l(f) = -3*f**3 - 24*f**2 + 3*f + 6. Let c be l(-10). Suppose 8*w - 3*r - 573 = 5*w, -c = -3*w + 4*r. List the prime factors of w.
2, 47
Let b(i) = 9*i**3 - i**2 + 19*i + 7. Let r(m) = -5*m**3 + m**2 - 10*m - 4. Let x(q) = -4*b(q) - 7*r(q). List the prime factors of x(-3).
2, 3
Let h = -38 - -45. Let r(k) = k**3 - 4*k**2 - 6*k - 5. List the prime factors of r(h).
2, 5
Let x = -29 - -32. Let c(s) = 4*s**3 - 5*s + 3. What are the prime factors of c(x)?
2, 3
Suppose 9*x - 6*x = 3. Let i be 1 + -1 - -47*x. Let v = -31 + i. What are the prime factors of v?
2
List the prime factors of (1632/(-30))/8*-50.
2, 5, 17
List the prime factors of (-15)/45 - (-68056)/12.
53, 107
Suppose 816 = 10*c - 6*c. Let k = c - 76. What are the prime factors of k?
2
List the prime factors of (-5)/1 + (-1)/((-5)/5575).
2, 3, 5, 37
Suppose 0 = -19*o + 52*o - 40392. What are the prime factors of o?
2, 3, 17
Let x(w) = -13*w. Let s be 141/9 + (-2)/3. Suppose 5*n = 5*m - s, 4*n = n + 2*m - 7. List the prime factors of x(n).
13
List the prime factors of 862*((-2)/(-12) + 560/105).
11, 431
Let h(t) = t**3 - 11*t**2 + 9*t - 1. Let a be h(9). Let x = -57 + 174. Let l = x + a. What are the prime factors of l?
5, 7
Let s = 12 - 14. Let x(g) = -15*g**3 - 2*g**2 - g + 2. Let y be x(s). Suppose -i + 37 = -5*v, i = -4*i + 2*v + y. What are the prime factors of i?
2, 11
Suppose -943 = -5*y + 2*d + 3171, -4118 = -5*y + 4*d. What are the prime factors of y?
2, 3, 137
Let n(h) = -h**3 + 17*h**2 - 17*h + 18. Let x be n(16). Suppose 5*w = z - 2*z - 52, x*w + 26 = -3*z. Let j = w + 12. What are the prime factors of j?
2
Let q(l) = 2*l - 25. Let r be q(13). List the prime factors of 3402/27*r*4/6.
2, 3, 7
Suppose 0*s + 2*s + 201 = -5*n, -5*s = 4*n + 528. Let o = s + 124. What are the prime factors of o?
2
Suppose 0 = l - 141 - 25. Let o = l - 97. List the prime factors of o.
3, 23
Suppose -5*d + 6*d + 1 = 0. List the prime factors of 4*d/(-8)*122.
61
Let r(a) = -a**3 + 2*a**2 - 15*a - 15. What are the prime factors of r(-4)?
3, 47
Let w(x) = -19*x + 606. List the prime factors of w(0).
2, 3, 101
Let a(j) = -j**3 + 5*j**2 + 7*j - 12. Let x be a(5). Let c = x + 90. What are the prime factors of c?
113
Let m = 4 + 0. Suppose 9*f = -2*v + 14*f + 140, 0 = 3*v - 2*f - 188. Suppose -s + 3*c = -m*s + v, -3*c - 3 = 0. What are the prime factors of s?
3, 7
Suppose -1322 - 1394 = -14*b. What are the prime factors of b?
2, 97
Let l = -3546 - -8521. List the prime factors of l.
5, 199
Suppose -5*m + 5*n - 50 = 0, -2*m + 18 = -5*m - 3*n. Let z = m - -28. List the prime factors of z*28/32*2.
5, 7
Let a(h) = 13 - 2 + h + 0 - 1. Let t be a(-11). Let u = 21 - t. What are the prime factors of u?
2, 11
Let k(g) = 11*g**2 - 5*g + 7. List the prime factors of k(4).
163
List the prime factors of 72/132 + 6648/33.
2, 101
Suppose -a - 5*d + 247 = 0, 2*d + 1 = d. Let b = a + -128. List the prime factors of b.
2, 31
Let d = -143 + 143. Suppose f - 3*f + 440 = 4*n, d = -2*f + 4*n + 464. What are the prime factors of f?
2, 113
Suppose 8*y - 7532 = 732. What are the prime factors of y?
1033
Let h = 1 - -2. Suppose -h*a + 4*a = 5. Suppose -v - 45 = -2*x, a*v = -2*x + 2*v + 65. List the prime factors of x.
5
Let s be ((-4)/(-10))/(-1) + 2110/25. Suppose v + 0 = 3, -3*a + s = 5*v. What are the prime factors of a?
23
Let u(c) = -c**3 - 6*c**2 + 6*c + 7. Let b be u(-3). List the prime factors of (-188)/56*b + (-12)/(-28).
2
Let v be 48/(2 + 2 - 3). Let p = 168 - v. Suppose -k - 2*k = -3*j - 72, 4*j = 5*k - p. List the prime factors of k.
2, 3
Suppose 10*p + 14856 = 18*p. List the prime factors of p.
3, 619
Suppose 0 = 12*n - 9*n - 2*r - 4299, -r = 4*n - 5743. List the prime factors of n.
5, 7, 41
Suppose y = -0*y - 4*m + 201, m = 2*y - 420. What are the prime factors of y?
11, 19
Let g = -240 - -538. What are the prime factors of g?
2, 149
Suppose -m = 4, 2*d - 236 = -5*m - 40. What are the prime factors of d?
2, 3
Let h be (0 - -1)*(-1478)/(-2). Let f = h - 488. Let b = -177 + f. What are the prime factors of b?
2, 37
Let j(v) = -2*v + 34. Let w(q) = q - 17. Let o(t) = 3*j(t) + 5*w(t). Let r be o(7). Suppose -3*x - l = -37 + 7, -l = x - r. What are the prime factors of x?
2, 5
Let n(r) = 4*r**2 + 7*r - 32. Let x be n(-8). Suppose x 